 6, what is -134 - -3?
-131
In base 4, what is -30200 - -1?
-30133
In base 15, what is -23 + 5?
-1d
In base 5, what is 231 - 10?
221
In base 12, what is 10 - 14a8?
-1498
In base 5, what is -2 + -122141?
-122143
In base 4, what is -100 - 112310?
-113010
In base 10, what is 28 - 0?
28
In base 9, what is 1607 + 5?
1613
In base 4, what is 31202 + -12?
31130
In base 9, what is -15400 + -5?
-15405
In base 9, what is -12705 + 5?
-12700
In base 10, what is 7 - -121?
128
In base 7, what is 242 + 200?
442
In base 11, what is -404 + 0?
-404
In base 2, what is 11100010 + -11?
11011111
In base 3, what is 11 - -120222?
121010
In base 13, what is -1cc50 + -3?
-1cc53
In base 16, what is 7 + -b?
-4
In base 7, what is 23 + -1?
22
In base 12, what is -522 + 3?
-51b
In base 4, what is 11 + -1313?
-1302
In base 4, what is -300 + -1233?
-2133
In base 14, what is 9d + -2d?
70
In base 3, what is 10 - 11210?
-11200
In base 11, what is -63 + -29?
-91
In base 15, what is 1c + 27?
44
In base 16, what is -9 + -262?
-26b
In base 9, what is -5 - 1535?
-1541
In base 2, what is 10011 + -1?
10010
In base 11, what is -5 + 524?
51a
In base 10, what is 3 - 7?
-4
In base 2, what is 0 + 100001?
100001
In base 8, what is -5 + 3310?
3303
In base 5, what is 1 + -233?
-232
In base 2, what is -11001000 + 110111?
-10010001
In base 11, what is 0 - -791?
791
In base 11, what is -18a + -6?
-195
In base 14, what is -1 - -427?
426
In base 8, what is -3371 + -1?
-3372
In base 11, what is 81 - -5?
86
In base 16, what is -da0 - 0?
-da0
In base 5, what is 144 - -1?
200
In base 6, what is 53103 + 1?
53104
In base 5, what is 2111 + 134?
2300
In base 13, what is 0 + -48?
-48
In base 3, what is 22 + 11101?
11200
In base 12, what is -a8a2 - 2?
-a8a4
In base 15, what is -18 - -160?
147
In base 7, what is 10 + 3?
13
In base 8, what is -1 + 14?
13
In base 2, what is -10110111000 - -10?
-10110110110
In base 14, what is -4 + -6a?
-70
In base 7, what is 5 + -6400?
-6362
In base 9, what is 8 + 1816?
1825
In base 9, what is -252 + -2?
-254
In base 9, what is -125 + 5?
-120
In base 16, what is 62 - 13?
4f
In base 3, what is -1 - 11111?
-11112
In base 7, what is -221 + -3?
-224
In base 5, what is -34 + 2141?
2102
In base 3, what is 11 + -1011001?
-1010220
In base 4, what is 231 - 3?
222
In base 13, what is 39 - -141?
17a
In base 12, what is -46 + -32?
-78
In base 12, what is 1874 - 0?
1874
In base 14, what is -1a - 84?
-a0
In base 6, what is 1 - -153?
154
In base 13, what is 38 + c1?
129
In base 6, what is -3 - 1?
-4
In base 5, what is -1321 + 2?
-1314
In base 15, what is -87 - 2?
-89
In base 7, what is -4352 - 1?
-4353
In base 16, what is b - -1d?
28
In base 7, what is 10421 + 5?
10426
In base 6, what is 24 + 24?
52
In base 2, what is -101 - 110011001101?
-110011010010
In base 7, what is 3 + 301?
304
In base 2, what is -1110101101 - 11?
-1110110000
In base 2, what is -10 + 1010010100?
1010010010
In base 2, what is -1 + 10001?
10000
In base 5, what is 0 + 112?
112
In base 4, what is 2012 + -2?
2010
In base 6, what is 13 - 1?
12
In base 5, what is -12 + 241?
224
In base 11, what is -3 - -75?
72
In base 13, what is -4 + a?
6
In base 3, what is -10 + -122010?
-122020
In base 16, what is 5 - f9?
-f4
In base 5, what is -13 - 3?
-21
In base 14, what is 1355 - 1?
1354
In base 6, what is 212 - 14?
154
In base 14, what is 68 - -5?
6d
In base 6, what is -435 + -3?
-442
In base 15, what is b + -5?
6
In base 3, what is 0 - 2001?
-2001
In base 11, what is 0 + 54?
54
In base 14, what is -5 + -1246?
-124b
In base 5, what is 14331 - -1?
14332
In base 8, what is -32 + -2?
-34
In base 9, what is 5 + 160?
165
In base 7, what is -2 - -221?
216
In base 13, what is -5c - -5?
-57
In base 3, what is -11 - -1120110?
1120022
In base 15, what is 2 + 1d4?
1d6
In base 16, what is -2 + -22f?
-231
In base 3, what is 2 - 12?
-10
In base 6, what is 35 - -11?
50
In base 13, what is 25 - 34?
-c
In base 7, what is -150 - 0?
-150
In base 12, what is 4 + 130?
134
In base 10, what is 93 + 9?
102
In base 9, what is -3 + -4072?
-4075
In base 11, what is 33a3 - 3?
33a0
In base 12, what is 1a6 + 4?
1aa
In base 11, what is 8 - 4?
4
In base 15, what is 18 + 10?
28
In base 8, what is 3 + -1070?
-1065
In base 13, what is -3 + -63?
-66
In base 14, what is -b + 4?
-7
In base 4, what is -2 + -112?
-120
In base 2, what is 110000 + 1?
110001
In base 3, what is -20001 + 2?
-12222
In base 14, what is 152 - -1?
153
In base 5, what is -2 - 212?
-214
In base 11, what is -67 + 2?
-65
In base 10, what is -2 - -74?
72
In base 3, what is 2112 + -102?
2010
In base 14, what is -c + -27?
-35
In base 3, what is 11 + 2021121?
2021202
In base 2, what is -111010101 - 1001?
-111011110
In base 12, what is -5 - -b?
6
In base 10, what is -5 - 50?
-55
In base 4, what is 200 + 120?
320
In base 14, what is 3 + -155a?
-1557
In base 3, what is -11 - -2012012?
2012001
In base 8, what is -11 - -17?
6
In base 6, what is -4 + -103?
-111
In base 3, what is 2002212 - 1?
2002211
In base 6, what is -401 + 0?
-401
In base 12, what is -b + -734?
-743
In base 11, what is -2945 + 2?
-2943
In base 4, what is -101230 + 1?
-101223
In base 4, what is -13330 - -3?
-13321
In base 2, what is 1001011 - -100?
1001111
In base 11, what is -1 - -347?
346
In base 13, what is 10c7 - -a?
1104
In base 4, what is 312013 + 3?
312022
In base 7, what is -5 - 110?
-115
In base 13, what is -b - 104?
-112
In base 5, what is -1010 - 3?
-1013
In base 4, what is -33 - 11030?
-11123
In base 4, what is -2 - 10031?
-10033
In base 9, what is 37 + 1183?
1231
In base 4, what is 1 - 20?
-13
In base 6, what is 1255 - 120?
1135
In base 5, what is 1 + -220?
-214
In base 11, what is -322 - 2?
-324
In base 3, what is 2 - -100?
102
In base 16, what is 35a + 4?
35e
In base 5, what is 11 + -1102?
-1041
In base 2, what is 1010 + 11010110?
11100000
In base 5, what is -233 - 113?
-401
In base 3, what is 10112 + -1?
10111
In base 12, what is 6 - -10?
16
In base 4, what is -102 + -120?
-222
In base 13, what is 2 - -55?
57
In base 3, what is -10020011 - -1?
-10020010
In base 10, what is -614 - -1?
-613
In base 13, what is -23a + 2?
-238
In base 8, what is -45 + -6?
-53
In base 8, what is -24 + -4?
-30
In base 12, what is 2a - a0?
-72
In base 13, what is 3c7 - 5?
3c2
In base 10, what is 3 + -548?
-545
In base 11, what is 5 - -333?
338
In base 6, what is -5 - -24514?
24505
In base 15, what is -35 - -84?
4e
In base 12, what is -3b - 20?
-5b
In base 16, what is -c5 - 58?
-11d
In base 12, what is a + -87?
-79
In base 13, what is -43c4 + 0?
-43c4
In base 7, what is 40 - -16?
56
In base 12, what is 47b + 0?
47b
In base 6, what is -2 - 1032?
-1034
In base 15, what is -5 - 251?
-256
In base 8, what is -211 - 24?
-235
In base 9, what is -2047 - -5?
-2042
In base 15, what is -25 + -5b?
-81
In base 6, what is -132455 + -1?
-132500
In base 2, what is -101100110111 + -101?
-101100111100
In base 5, what is -1244 + -4?
-1303
In base 16, what is -b + 315?
30a
In base 6, what is 11 - -1410?
1421
In base 12, what is -103 - -37?
-88
In base 3, what is -100210000 - 12?
-100210012
In base 8, what is -252 + -3?
-255
In base 11, what is 260 + 2?
262
In base 2, what is 101 - 10000110101?
-10000110000
In base 8, what is -15 + -416?
-433
In base 2, what is 101100101 - 101?
101100000
In base 12, what is -1b83 - 1?
-1b84
In base 14, what is -41 + 3a?
-5
In base 8, what is 5 + 137?
144
In base 2, what is -110110 + 110001?
-101
In base 16, what is 4 - 43?
-3f
In base 10, what is 3 - 222?
-219
In base 8, what is 4 - -142?
146
In base 14, what is 228 + 6?
230
In base 2, what is -1000 + 100101101?
100100101
In base 13, what is 137 + -11?
126
In base 13, what is -5 + -76c?
-774
In base 12, what is -19a - 47?
-225
In base 11, what is -5 + -1407?
-1411
In base 14, what is -3 + -1d?
-22
In base 6, what is -23 + -1321?
-1344
In base 13, what is 78 + -79?
-1
In base 2, what is -111100011011 + 100?
-111100010111
In base 14, what is 2 + a4?
a6
In base 7, what is -3 - -545?
542
In base 3, what is 2 + 10001010?
10001012
In base 10, what is 1 - 111?
-110
In base 15, what is 5 + 2ab?
2b1
In base 5, what is -41 + -114?
-210
In base 7, what is -3 - -321?
315
In base 11, what is -33a73 - -4?
-33a6a
In base 10, what is 5 + -3085?
-3080
In base 9, what is 104 + 28?
133
In base 11, what is 